is the value of 2 - ((-3 - -5) + 2)?
-2
7 - (-5 + (3 - -10))
-1
-1 + (-1 - -8) - 4
2
(-36 - -35) + (2 - 0) - -2
3
Evaluate (2 - (0 - 2)) + 39 + -39.
4
What is (-12 - -15) + -15 + 5?
-7
Calculate (0 - ((-3 - 1) + 3)) + 4.
5
(-1 - 0) + 0 + -2 + -2
-5
What is the value of 6 + 5 + 0 + 6 + -20?
-3
Calculate (0 - 0) + 1 + -1.
0
Evaluate -77 + 81 - (1 + (-1 - -1)).
3
What is (0 + (-1 - -1) - 0) + -2?
-2
2 + 4 - (-6 - -6) - 13
-7
111 + -109 + (0 - (-2 - -5))
-1
What is the value of 1 + (-5 - -4) + -7?
-7
Calculate 26 + -18 - (0 - -8).
0
What is 1 - (-23 - -28 - (1 - 8))?
-11
What is 3 + -4 - (-3 - 2)?
4
What is the value of -5 - 2 - (-6 + 3 + -1)?
-3
Evaluate 6 + 5 - 8 - (3 + -2).
2
What is the value of 4 - ((-1 + 8 - 5) + -9)?
11
Evaluate 4 + -6 + 9 + (-8 - -9).
8
What is the value of (-16 - -15) + (0 - -5)?
4
Evaluate 2 + -2 + (-4 - (1 - 7)).
2
What is the value of -7 - -6 - 10 - -16?
5
Evaluate 7 - (9 + -10 - -9).
-1
What is the value of -5 + (6 - 6) + 6?
1
What is 4 + 4 + 1 + -8?
1
Evaluate 2 + 1 - (-11 - (-4 + -1)).
9
What is the value of -1 + 1 + 1 + 3?
4
What is the value of 8 + (-18 - (-1 - 7))?
-2
Evaluate 82 - 80 - (-2 - 1).
5
Evaluate (2 - (6 - -2)) + -6 + 9.
-3
What is 5 + (5 - 3) + -10?
-3
Evaluate (5 - 1 - 0) + 65 + -71.
-2
Evaluate (4 - 7) + (12 - 4).
5
What is 3 + (-3 - (2 + 0 - 5))?
3
Calculate (-5 - (-1 + -4)) + 3.
3
What is -12 + (2 + -7 - -13) - 0?
-4
Calculate -30 - -24 - (-1 - 1).
-4
2 - (-5 - (1 - (1 - -2)))
5
9 + -5 - (1 + 6) - -3
0
Evaluate (-1 - -6) + 4 + -4 - 3.
2
10 + -7 + -1 - 9
-7
-10 - -1 - -2 - -10
3
Evaluate 2 - 1 - (24 - 23).
0
9 + (17 - 22) + (-1 - -7)
10
What is the value of (-30 - -29) + -4 + (-2 - -4)?
-3
Calculate (-9 - -9) + -9 + 9.
0
Calculate 1 - (11 + -12 + -2 + 4).
0
What is the value of 1 + -3 + 0 + (8 - 4)?
2
What is the value of 19 - (5 + -3 + 8)?
9
Evaluate 4 + (-6 - (-2 - -3)).
-3
-2 + -5 + -2 + -1 + 5
-5
Evaluate -19 + 18 + 6 + 0.
5
What is (0 - -2 - (5 + -5)) + -6?
-4
What is 17 - 12 - (1 + 1 + 0)?
3
What is 5 - (-2 - (6 + -11))?
2
What is the value of (-1 - 6) + -14 + 51 + -26?
4
Calculate 1 + -1 - (-50 + 44).
6
What is 4 + 0 + 3 + -3?
4
What is 7 + (-8 - -12) + -5 + -8?
-2
What is the value of 6 + -1 + -1 - (-2 + 7)?
-1
Calculate 1 - 4 - (-1 - (1 - 3)).
-4
4 + 0 + -2 - (18 - 22)
6
Evaluate 1 - -2 - (21 - 18) - -5.
5
Calculate 59 - 53 - (1 + 3).
2
Calculate 10 - 12 - 2 - -10.
6
What is 16 - 1 - (-9 + (10 - -3))?
11
9 - -1 - (10 - 8)
8
What is 4 - (-2 + -3 - (-10 - -8))?
7
What is 4 - (-18 + 9 + 4)?
9
What is 7 - 0 - (-17 - -21) - -1?
4
Calculate 1 + 1 - (8 - -1) - -2.
-5
What is (-2 - 2) + -1 + -2 - -2?
-5
Calculate (-6 - (1 - 12)) + 0.
5
What is 1 + (2 - (3 + 2))?
-2
What is 12 - 3 - 2 - 3?
4
0 - (-3 - -5 - 5)
3
What is the value of -7 + (3 - 6 - -11)?
1
0 + -11 - (-20 - -17)
-8
Evaluate 4 + -1 + (-4 - -2).
1
Evaluate -10 - (-2 + 0) - (2 - 16).
6
-6 - (-1 + (-2 - -2))
-5
What is 24 + -29 + (3 - -11)?
9
Evaluate 1 - -1 - (5 + (7 - 8)).
-2
Evaluate (1 + -3 - 1) + 2 + 1.
0
Calculate (-1 - 1 - (-2 - -1)) + -2.
-3
What is the value of -2 + (-1 - -1) - -7?
5
Evaluate 10 + (-11 - (-15 - -10)).
4
What is the value of -5 - (0 + -5 + 3)?
-3
What is -7 - (-15 - -16 - (0 + 5))?
-3
What is the value of (3 - -2) + 6 + -15?
-4
1 - 2 - (-25 + 19)
5
What is the value of 5 - 1 - (-52 + 57)?
-1
What is 0 - 2 - 4 - -5?
-1
What is -1 + 1 - -2 - (0 - -2)?
0
What is the value of (-4 + -2 - (0 - 5)) + -5?
-6
Calculate 4 - (3 - -2) - 1.
-2
What is the value of -2 - (12 + -15 - 4)?
5
Evaluate -15 + (4 - -7) + 5.
1
Evaluate 0 + 2 - (-2 + 1 - 2).
5
Calculate 0 - (2 - (-7 + 4)).
-5
Calculate 8 - (-2 + -3 - -10 - -3).
0
Calculate (-7 - -1) + 1 + (-3 - -10).
2
2 + -20 + 4 + 6
-8
Evaluate 13 + -15 - (2 + 1).
-5
What is the value of (-25 - -31) + (-1 - (-1 - -10))?
-4
Evaluate 1 + -1 - (3 - 6).
3
Evaluate 6 - (1 - -3) - 0.
2
-2 + 5 - (3 + 1 - -1)
-2
Evaluate -3 + (-5 - 7 - -12).
-3
What is (1 - -1) + (0 - 4)?
-2
Evaluate -1 + 2 - (-40 - -38).
3
Evaluate -7 + (11 - 4) + -3 + 0.
-3
What is (-1 - (1 - (-2 - -4))) + 5?
5
What is (-18 - -24) + 3 + -2?
7
-4 - (-3 + (-5 - -8))
-4
What is 2 - (-3 + (0 - -5))?
0
What is the value of 2 + 0 + 1 + -5 + 2?
0
What is -1 + 0 + -3 + 3 - 3?
-4
What is the value of -7 - -11 - (3 - -5)?
-4
Calculate 3 - -5 - (12 - 5).
1
What is 3 + -1 + -3 + 3?
2
What is 0 + 1 - (1 - -3)?
-3
Calculate 0 + -6 - (-15 - -13).
-4
Calculate 8 + (-12 - -8) - (1 - 3).
6
What is the value of 2 + (17 - 9 - 8)?
2
What is -2 + 2 + -10 - -5?
-5
Evaluate (-100 - -100) + -1 + 1 + -2.
-2
Calculate 2 + -2 - (1 + (5 - 3)).
-3
Evaluate (-2 - -5) + -3 + 4.
4
Evaluate (6 + -2 - 2) + -1 - -3.
4
What is the value of 1 - (-1 + 3 - -4)?
-5
Calculate 9 - (5 + 10 + -7).
1
Evaluate -7 + -2 - (-7 + 2).
-4
Evaluate -3 + 0 + (19 - 9) + -9.
-2
What is the value of 5 + -7 + 4 + 1?
3
3 + (5 - (-2 - -5)) + -6
-1
Calculate -2 + (1 - (5 - 1) - 0).
-5
What is 3 + -1 + (4 + -3 - 1)?
2
What is the value of (-7 - 3) + 2 + 4?
-4
What is -3 + 2 - -2 - (10 + -8)?
-1
1 + -2 + (-3 - (-3 - -1))
-2
Evaluate (0 - (1 + -4)) + 1.
4
Calculate 0 + (-3 - (-1 - 1 - -3)).
-4
Evaluate (-2 + -2 - -9) + -7 + 11.
9
Evaluate -5 + (10 - 1) + 0 + -1.
3
Calculate 0 + -4 + -1 + 4 + 0.
-1
Calculate -14 + (5 - (-3 - -2)) - -1.
-7
6 + -2 + (0 - (10 + -5))
-1
-8 + 2 - (2 + -1 - 4)
-3
What is the value of 93 - 92 - (-5 + 0)?
6
-1 - (9 - 4) - (16 + -18)
-4
What is 6 + -4 - (0 + 2)?
0
Calculate 1 - (-11 + 4 + 2 - -6).
0
(-5 - 2 - -14) + -7
0
What is the value of 5 + 1 + (-24 - -13)?
-5
Calculate 1 + (-2 - (0 - 1)) - -4.
4
Evaluate (-7 - ((6 - 12) + 0)) + -4.
-5
What is the value of -2 - (4 + (3 - 8) + -3)?
2
What is -3 - 1 - -3 - (1 - 4)?
2
What is -6 + (3 - -5) + -4?
-2
(1 - 10) + 3 - (45 + -49)
-2
What is the value of -5 - (-5 - -4) - -8?
4
What is the value of (-2 - (2 - 8)) + -4?
0
(1 - 0) + 2 + -1 + 1
3
Evaluate 1 + 2 - (7 + -4 - 3).
3
Evaluate 414 + -413 + (-4 - (1 - 2)).
-2
Calculate (-11 - (-7 + 5)) + 12.
3
Calculate 4 + -11 + (12 - 2).
3
What is (2 - -1) + 9 + -11?
1
Evaluate -1 - ((6 - 6) + 2 + -1).
-2
Evaluate -1 - (6 + -1) - (1 - 5).
-2
Calculate -2 - 0 - (15 + -23).
6
What is (-5 + 1 - (3 + -11)) + 0?
4
4 + -3 + (-4 - -4)
1
Calculate 2 - (-14 + 9 + 3 + 0).
4
-2 - ((12 - 9) + (-1 - 2))
-2
What is 4 - ((10 - 6) + (0 - -1))?
-1
Evaluate 4 + -5 + -1 + -1 + -2.
-5
Calculate -6 + (-3 - (-11 + 3)).
-1
0 + -6 + 0 + -4
-10
What is the value of (89 - 90) + 1 + 1?
1
Calculate -15 + 6 - -7 - 2.
-4
(-5 - (-1 - 0)) + -62 + 61
-5
Evaluate (19 - 16) + 3 + (3 - 3).
6
Evaluate -1 + 4 + 13 + -25 + 11.
2
11 + -7 - (-4 - -2 - -2)
4
What is the value of -7 + (-9 - -7 - (-2 - 2))?
-5
What is -1 + -4 + 3 + 5 + 2?
5
Calculate -2 + -3 - (9 - 15).
1
5 + -1 + 2 + (-69 - -68)
5
What is the value of -3 - -7 - (-13 - -13)?
4
Calculate (-4 - (-5 - (2 - 3))) + -1.
-1
Evaluate (7 - (3 + -1 - -2)) + -2.
1
Evaluate (2 - 12) + 14 + -10.
-6
What is the value of -4 + (-1 - -10 - (-2 + 6))?
1
What is the value of 12 - (19 + 0) - (-3 - 0)?
-4
-3 + (3 - -1) - 7 - -7
1
0 - (5 - -2) - (-74 + 69)
-2
What is the value of -1 + (3 - 7 - (-2 + -1))?
-2
What is 3 + -2 + 4 + 0 + -4?
1
What is the value of 1 + 2 - (-1 + (4 - 1))?
1
(-7 - -1) + (-1 - 0 - -5)
-2
Calculate -11 + (-62 - -56) + 9 + -1.
-9
Calculate 21 - 21 - (-2 + 1) - 0.
1
What is the value of -17 - (-3 - -3 - 10)?
-7
-2 + 10 + (-3 - -8 - 6)
7
Calculate 3 + -3 + (-6 - -1) + 1.
-4
Calculate -9 - -13 - (0 - 0).
4
Calculate -1 - (-6 + (-7 - -8)).
4
Calculate 1 + (-3 - -3) - (-1 + 0).
2
Calculate 3 - (-13 - (1 + -10)).
7
Evaluate -2 + 7 + 0 - 2 - 2.
1
Evaluate -1 + 3 + (1 - 6) - 3.
-6
What is the value of -4 + -7 + 8 - (-4 - 0)?
1
-2 + -1 + (327 - 316)
8
What is the value of 2 + (-1 - (-5 - (0 - 10)))?
-4
Evaluate 1 - (11 - (9 + -5)).
-6
What is the value of 2 - (1 + 1 + (7 - 7))?
0
Evaluate 5 + -4 - 4 - -3.
0
What is (-4 - -2) + -2 - (26 - 31)?
1
What is the value of 2 + (-3 - (3 + -3))?
-1
1 - 3 - (-11 + 4)
5
What is 0 + 2 + (-5 - -5)?
2
(10 - 9 - (6 + -1)) + -4
-8
-3 - (1 - -2 - 10)
4
1 + (4 - (4 + -3 + 0))
4
Evaluate 1 + 2 - (-2 - -2 - 0).
3
What is -5 + -3 - (-8 + 1)?
-1
What is the value of 1 + 0 + -1 - (289 + -287)?
-2
What is -3 - (-2 - (-2 + -1 + 2))?
-2
What is 13 + -8 + (-5 - -4)?
4
-5 + 1 + 3 - (7 - 2)
-6
3 - (1 - -2 - (-1 + -1))
-2
What is 2 + (5 -